{"id":230,"date":"2025-05-24T03:37:39","date_gmt":"2025-05-23T23:37:39","guid":{"rendered":"https:\/\/pbutronwinery.cl\/butronqa\/?page_id=230"},"modified":"2025-08-01T00:15:01","modified_gmt":"2025-07-31T20:15:01","slug":"nuestros-pilares","status":"publish","type":"page","link":"https:\/\/pbutronwinery.cl\/index.php\/nuestros-pilares\/","title":{"rendered":"Nuestros Pilares"},"content":{"rendered":"\t\t<div data-elementor-type=\"wp-page\" data-elementor-id=\"230\" class=\"elementor elementor-230\" data-elementor-post-type=\"page\">\n\t\t\t\t<div class=\"elementor-element elementor-element-fd388f7 e-con-full e-flex e-con e-parent\" data-id=\"fd388f7\" data-element_type=\"container\" data-settings=\"{&quot;background_background&quot;:&quot;classic&quot;}\">\n\t\t<div class=\"elementor-element elementor-element-16a7b0d e-con-full e-flex e-con e-child\" data-id=\"16a7b0d\" data-element_type=\"container\" data-settings=\"{&quot;background_background&quot;:&quot;classic&quot;}\">\n\t\t\t\t<div class=\"elementor-element elementor-element-cc7c803 elementor-widget elementor-widget-hfe-breadcrumbs-widget\" data-id=\"cc7c803\" data-element_type=\"widget\" data-widget_type=\"hfe-breadcrumbs-widget.default\">\n\t\t\t\t<div class=\"elementor-widget-container\">\n\t\t\t\t\t<nav aria-label=\"Breadcrumb\"><ul class=\"hfe-breadcrumbs hfe-breadcrumbs-show-home\"><li class=\"hfe-breadcrumbs-item hfe-breadcrumbs-first\"><span class=\"hfe-breadcrumbs-home-icon\"><\/span><a href=\"https:\/\/pbutronwinery.cl\"><span class=\"hfe-breadcrumbs-text\">Inicio<\/span><\/a><\/li><\/ul><\/nav>\t\t\t\t<\/div>\n\t\t\t\t<\/div>\n\t\t\t\t<div class=\"elementor-element elementor-element-901b109 elementor-widget elementor-widget-heading\" data-id=\"901b109\" data-element_type=\"widget\" data-widget_type=\"heading.default\">\n\t\t\t\t<div class=\"elementor-widget-container\">\n\t\t\t\t\t<h1 class=\"elementor-heading-title elementor-size-default\">Nuestros pilares<\/h1>\t\t\t\t<\/div>\n\t\t\t\t<\/div>\n\t\t\t\t<div class=\"elementor-element elementor-element-b1b9e3d elementor-widget elementor-widget-text-editor\" data-id=\"b1b9e3d\" data-element_type=\"widget\" data-widget_type=\"text-editor.default\">\n\t\t\t\t<div class=\"elementor-widget-container\">\n\t\t\t\t\t\t\t\t\t<p><span style=\"white-space-collapse: preserve;\">En Vi\u00f1edos Patricio Butr\u00f3n, nuestros pilares dan sentido a cada decisi\u00f3n y acci\u00f3n.\u2028Calidad, sustentabilidad, compromiso familiar, innovaci\u00f3n y responsabilidad social\u2028nos gu\u00edan en la creaci\u00f3n de vinos con prop\u00f3sito, respeto y visi\u00f3n de futuro.<\/span><\/p>\t\t\t\t\t\t\t\t<\/div>\n\t\t\t\t<\/div>\n\t\t\t\t<\/div>\n\t\t\t\t<\/div>\n\t\t<div class=\"elementor-element elementor-element-29bbf0c e-flex e-con-boxed e-con e-parent\" data-id=\"29bbf0c\" data-element_type=\"container\">\n\t\t\t\t\t<div class=\"e-con-inner\">\n\t\t<div class=\"elementor-element elementor-element-e78e093 e-con-full e-flex e-con e-child\" data-id=\"e78e093\" data-element_type=\"container\">\n\t\t\t\t<div class=\"elementor-element elementor-element-2e87896 elementor-widget elementor-widget-text-editor\" data-id=\"2e87896\" data-element_type=\"widget\" data-widget_type=\"text-editor.default\">\n\t\t\t\t<div class=\"elementor-widget-container\">\n\t\t\t\t\t\t\t\t\t<h1><span style=\"white-space-collapse: preserve;\">Calidad y Excelencia\u00a0<\/span><\/h1>\t\t\t\t\t\t\t\t<\/div>\n\t\t\t\t<\/div>\n\t\t\t\t<div class=\"elementor-element elementor-element-2a12274 elementor-widget elementor-widget-text-editor\" data-id=\"2a12274\" data-element_type=\"widget\" data-widget_type=\"text-editor.default\">\n\t\t\t\t<div class=\"elementor-widget-container\">\n\t\t\t\t\t\t\t\t\t<p><span style=\"white-space-collapse: preserve;\">La calidad es el eje central de todo lo que hacemos. Desde el cuidado del vi\u00f1edo hasta la vinificaci\u00f3n y exportaci\u00f3n, nos esforzamos por ofrecer vinos que no solo cumplan, sino que superen las expectativas de nuestros clientes. Cada botella es una muestra de nuestro compromiso con la excelencia y el respeto por la naturaleza, el terroir y la tradici\u00f3n.<\/span><\/p>\t\t\t\t\t\t\t\t<\/div>\n\t\t\t\t<\/div>\n\t\t\t\t<\/div>\n\t\t<div class=\"elementor-element elementor-element-3e6119e e-con-full e-flex e-con e-child\" data-id=\"3e6119e\" data-element_type=\"container\">\n\t\t\t\t<div class=\"elementor-element elementor-element-c4f480f elementor-widget elementor-widget-image\" data-id=\"c4f480f\" data-element_type=\"widget\" data-widget_type=\"image.default\">\n\t\t\t\t<div class=\"elementor-widget-container\">\n\t\t\t\t\t\t\t\t\t\t\t\t\t\t\t<img fetchpriority=\"high\" decoding=\"async\" width=\"800\" height=\"531\" src=\"https:\/\/pbutronwinery.cl\/butronqa\/wp-content\/uploads\/2025\/05\/bpracticas4.jpg\" class=\"attachment-large size-large wp-image-10\" alt=\"\" srcset=\"https:\/\/pbutronwinery.cl\/butronqa\/wp-content\/uploads\/2025\/05\/bpracticas4.jpg 800w, https:\/\/pbutronwinery.cl\/butronqa\/wp-content\/uploads\/2025\/05\/bpracticas4-600x398.jpg 600w, https:\/\/pbutronwinery.cl\/butronqa\/wp-content\/uploads\/2025\/05\/bpracticas4-300x199.jpg 300w, https:\/\/pbutronwinery.cl\/butronqa\/wp-content\/uploads\/2025\/05\/bpracticas4-768x510.jpg 768w\" sizes=\"(max-width: 800px) 100vw, 800px\" \/>\t\t\t\t\t\t\t\t\t\t\t\t\t\t\t<\/div>\n\t\t\t\t<\/div>\n\t\t\t\t<\/div>\n\t\t\t\t\t<\/div>\n\t\t\t\t<\/div>\n\t\t<div class=\"elementor-element elementor-element-9f0344e e-flex e-con-boxed e-con e-parent\" data-id=\"9f0344e\" data-element_type=\"container\">\n\t\t\t\t\t<div class=\"e-con-inner\">\n\t\t<div class=\"elementor-element elementor-element-3f4aee5 e-con-full e-flex e-con e-child\" data-id=\"3f4aee5\" data-element_type=\"container\">\n\t\t\t\t<div class=\"elementor-element elementor-element-273e2e4 elementor-widget elementor-widget-image\" data-id=\"273e2e4\" data-element_type=\"widget\" data-widget_type=\"image.default\">\n\t\t\t\t<div class=\"elementor-widget-container\">\n\t\t\t\t\t\t\t\t\t\t\t\t\t\t\t<img decoding=\"async\" width=\"800\" height=\"531\" src=\"https:\/\/pbutronwinery.cl\/butronqa\/wp-content\/uploads\/2025\/05\/bpracticas2.jpg\" class=\"attachment-large size-large wp-image-148\" alt=\"\" srcset=\"https:\/\/pbutronwinery.cl\/butronqa\/wp-content\/uploads\/2025\/05\/bpracticas2.jpg 800w, https:\/\/pbutronwinery.cl\/butronqa\/wp-content\/uploads\/2025\/05\/bpracticas2-600x398.jpg 600w, https:\/\/pbutronwinery.cl\/butronqa\/wp-content\/uploads\/2025\/05\/bpracticas2-300x199.jpg 300w, https:\/\/pbutronwinery.cl\/butronqa\/wp-content\/uploads\/2025\/05\/bpracticas2-768x510.jpg 768w\" sizes=\"(max-width: 800px) 100vw, 800px\" \/>\t\t\t\t\t\t\t\t\t\t\t\t\t\t\t<\/div>\n\t\t\t\t<\/div>\n\t\t\t\t<\/div>\n\t\t<div class=\"elementor-element elementor-element-96a3659 e-con-full e-flex e-con e-child\" data-id=\"96a3659\" data-element_type=\"container\">\n\t\t\t\t<div class=\"elementor-element elementor-element-2d79724 elementor-widget elementor-widget-text-editor\" data-id=\"2d79724\" data-element_type=\"widget\" data-widget_type=\"text-editor.default\">\n\t\t\t\t<div class=\"elementor-widget-container\">\n\t\t\t\t\t\t\t\t\t<h1><span style=\"white-space-collapse: preserve;\">Sustentabilidad<\/span><\/h1>\t\t\t\t\t\t\t\t<\/div>\n\t\t\t\t<\/div>\n\t\t\t\t<div class=\"elementor-element elementor-element-3a1dbf0 elementor-widget elementor-widget-text-editor\" data-id=\"3a1dbf0\" data-element_type=\"widget\" data-widget_type=\"text-editor.default\">\n\t\t\t\t<div class=\"elementor-widget-container\">\n\t\t\t\t\t\t\t\t\t<p><span style=\"white-space-collapse: preserve;\">En Vi\u00f1edos Patricio Butr\u00f3n, entendemos que nuestro compromiso con la naturaleza y el medio ambiente es esencial. Aplicamos pr\u00e1cticas agr\u00edcolas sostenibles, minimizando el impacto ambiental y promoviendo la biodiversidad. Trabajamos con un enfoque de respeto hacia el ecosistema y buscamos constantemente maneras de mejorar nuestras pr\u00e1cticas para generar un futuro m\u00e1s verde y responsable.<\/span><\/p>\t\t\t\t\t\t\t\t<\/div>\n\t\t\t\t<\/div>\n\t\t\t\t<\/div>\n\t\t\t\t\t<\/div>\n\t\t\t\t<\/div>\n\t\t<div class=\"elementor-element elementor-element-1ff2eda e-flex e-con-boxed e-con e-parent\" data-id=\"1ff2eda\" data-element_type=\"container\">\n\t\t\t\t\t<div class=\"e-con-inner\">\n\t\t<div class=\"elementor-element elementor-element-fac5e2b e-con-full e-flex e-con e-child\" data-id=\"fac5e2b\" data-element_type=\"container\">\n\t\t\t\t<div class=\"elementor-element elementor-element-c3fa164 elementor-widget elementor-widget-text-editor\" data-id=\"c3fa164\" data-element_type=\"widget\" data-widget_type=\"text-editor.default\">\n\t\t\t\t<div class=\"elementor-widget-container\">\n\t\t\t\t\t\t\t\t\t<h1><span style=\"white-space-collapse: preserve;\">Compromiso familiar<\/span><\/h1>\t\t\t\t\t\t\t\t<\/div>\n\t\t\t\t<\/div>\n\t\t\t\t<div class=\"elementor-element elementor-element-93aa595 elementor-widget elementor-widget-text-editor\" data-id=\"93aa595\" data-element_type=\"widget\" data-widget_type=\"text-editor.default\">\n\t\t\t\t<div class=\"elementor-widget-container\">\n\t\t\t\t\t\t\t\t\t<p><span style=\"white-space-collapse: preserve;\">Nuestra vi\u00f1a es una empresa familiar, donde los valores de confianza, trabajo en equipo y legado juegan un papel fundamental. El compromiso familiar no solo se refleja en nuestra gesti\u00f3n interna, sino tambi\u00e9n en nuestra relaci\u00f3n con los clientes y proveedores. La seriedad y dedicaci\u00f3n con la que tratamos cada proceso asegura que nuestras relaciones sean duraderas, basadas en la confianza mutua y el trabajo conjunto.<\/span><\/p>\t\t\t\t\t\t\t\t<\/div>\n\t\t\t\t<\/div>\n\t\t\t\t<\/div>\n\t\t<div class=\"elementor-element elementor-element-bddab3d e-con-full e-flex e-con e-child\" data-id=\"bddab3d\" data-element_type=\"container\">\n\t\t\t\t<div class=\"elementor-element elementor-element-1fea286 elementor-widget elementor-widget-image\" data-id=\"1fea286\" data-element_type=\"widget\" data-widget_type=\"image.default\">\n\t\t\t\t<div class=\"elementor-widget-container\">\n\t\t\t\t\t\t\t\t\t\t\t\t\t\t\t<img decoding=\"async\" width=\"800\" height=\"534\" src=\"https:\/\/pbutronwinery.cl\/butronqa\/wp-content\/uploads\/2025\/05\/VINA.BUTRON2025.0235-1024x683.jpg\" class=\"attachment-large size-large wp-image-61\" alt=\"\" srcset=\"https:\/\/pbutronwinery.cl\/butronqa\/wp-content\/uploads\/2025\/05\/VINA.BUTRON2025.0235-1024x683.jpg 1024w, https:\/\/pbutronwinery.cl\/butronqa\/wp-content\/uploads\/2025\/05\/VINA.BUTRON2025.0235-scaled-600x400.jpg 600w, https:\/\/pbutronwinery.cl\/butronqa\/wp-content\/uploads\/2025\/05\/VINA.BUTRON2025.0235-300x200.jpg 300w, https:\/\/pbutronwinery.cl\/butronqa\/wp-content\/uploads\/2025\/05\/VINA.BUTRON2025.0235-768x512.jpg 768w, https:\/\/pbutronwinery.cl\/butronqa\/wp-content\/uploads\/2025\/05\/VINA.BUTRON2025.0235-1536x1024.jpg 1536w, https:\/\/pbutronwinery.cl\/butronqa\/wp-content\/uploads\/2025\/05\/VINA.BUTRON2025.0235-2048x1365.jpg 2048w\" sizes=\"(max-width: 800px) 100vw, 800px\" \/>\t\t\t\t\t\t\t\t\t\t\t\t\t\t\t<\/div>\n\t\t\t\t<\/div>\n\t\t\t\t<\/div>\n\t\t\t\t\t<\/div>\n\t\t\t\t<\/div>\n\t\t<div class=\"elementor-element elementor-element-f8253a0 e-flex e-con-boxed e-con e-parent\" data-id=\"f8253a0\" data-element_type=\"container\">\n\t\t\t\t\t<div class=\"e-con-inner\">\n\t\t<div class=\"elementor-element elementor-element-b846265 e-con-full e-flex e-con e-child\" data-id=\"b846265\" data-element_type=\"container\">\n\t\t\t\t<div class=\"elementor-element elementor-element-78102c7 elementor-widget elementor-widget-image\" data-id=\"78102c7\" data-element_type=\"widget\" data-widget_type=\"image.default\">\n\t\t\t\t<div class=\"elementor-widget-container\">\n\t\t\t\t\t\t\t\t\t\t\t\t\t\t\t<img loading=\"lazy\" decoding=\"async\" width=\"800\" height=\"534\" src=\"https:\/\/pbutronwinery.cl\/butronqa\/wp-content\/uploads\/2025\/05\/VINA.BUTRON2025.0299-1024x684.jpg\" class=\"attachment-large size-large wp-image-80\" alt=\"\" srcset=\"https:\/\/pbutronwinery.cl\/butronqa\/wp-content\/uploads\/2025\/05\/VINA.BUTRON2025.0299-1024x684.jpg 1024w, https:\/\/pbutronwinery.cl\/butronqa\/wp-content\/uploads\/2025\/05\/VINA.BUTRON2025.0299-scaled-600x401.jpg 600w, https:\/\/pbutronwinery.cl\/butronqa\/wp-content\/uploads\/2025\/05\/VINA.BUTRON2025.0299-300x200.jpg 300w, https:\/\/pbutronwinery.cl\/butronqa\/wp-content\/uploads\/2025\/05\/VINA.BUTRON2025.0299-768x513.jpg 768w, https:\/\/pbutronwinery.cl\/butronqa\/wp-content\/uploads\/2025\/05\/VINA.BUTRON2025.0299-1536x1025.jpg 1536w, https:\/\/pbutronwinery.cl\/butronqa\/wp-content\/uploads\/2025\/05\/VINA.BUTRON2025.0299-2048x1367.jpg 2048w\" sizes=\"(max-width: 800px) 100vw, 800px\" \/>\t\t\t\t\t\t\t\t\t\t\t\t\t\t\t<\/div>\n\t\t\t\t<\/div>\n\t\t\t\t<\/div>\n\t\t<div class=\"elementor-element elementor-element-0e0bc39 e-con-full e-flex e-con e-child\" data-id=\"0e0bc39\" data-element_type=\"container\">\n\t\t\t\t<div class=\"elementor-element elementor-element-a5436da elementor-widget elementor-widget-text-editor\" data-id=\"a5436da\" data-element_type=\"widget\" data-widget_type=\"text-editor.default\">\n\t\t\t\t<div class=\"elementor-widget-container\">\n\t\t\t\t\t\t\t\t\t<h1><span style=\"white-space-collapse: preserve;\">Tecnolog\u00eda e innovaci\u00f3n<\/span><\/h1>\t\t\t\t\t\t\t\t<\/div>\n\t\t\t\t<\/div>\n\t\t\t\t<div class=\"elementor-element elementor-element-2c9b2b0 elementor-widget elementor-widget-text-editor\" data-id=\"2c9b2b0\" data-element_type=\"widget\" data-widget_type=\"text-editor.default\">\n\t\t\t\t<div class=\"elementor-widget-container\">\n\t\t\t\t\t\t\t\t\t<p><span style=\"white-space-collapse: preserve;\">Apostamos por la innovaci\u00f3n constante en nuestros procesos productivos. Utilizamos tecnolog\u00eda de vanguardia para optimizar cada etapa, garantizando productos de calidad con la eficiencia que el mundo actual demanda. La combinaci\u00f3n de tradici\u00f3n y tecnolog\u00eda es lo que nos permite producir vinos que se destacan por su frescura, complejidad y elegancia.<\/span><\/p>\t\t\t\t\t\t\t\t<\/div>\n\t\t\t\t<\/div>\n\t\t\t\t<\/div>\n\t\t\t\t\t<\/div>\n\t\t\t\t<\/div>\n\t\t<div class=\"elementor-element elementor-element-5d532ea e-flex e-con-boxed e-con e-parent\" data-id=\"5d532ea\" data-element_type=\"container\">\n\t\t\t\t\t<div class=\"e-con-inner\">\n\t\t<div class=\"elementor-element elementor-element-0d4879b e-con-full e-flex e-con e-child\" data-id=\"0d4879b\" data-element_type=\"container\">\n\t\t\t\t<div class=\"elementor-element elementor-element-3f6e00d elementor-widget elementor-widget-text-editor\" data-id=\"3f6e00d\" data-element_type=\"widget\" data-widget_type=\"text-editor.default\">\n\t\t\t\t<div class=\"elementor-widget-container\">\n\t\t\t\t\t\t\t\t\t<h1><span style=\"white-space-collapse: preserve;\">Responsabilidad social<\/span><\/h1>\t\t\t\t\t\t\t\t<\/div>\n\t\t\t\t<\/div>\n\t\t\t\t<div class=\"elementor-element elementor-element-2fe77e3 elementor-widget elementor-widget-text-editor\" data-id=\"2fe77e3\" data-element_type=\"widget\" data-widget_type=\"text-editor.default\">\n\t\t\t\t<div class=\"elementor-widget-container\">\n\t\t\t\t\t\t\t\t\t<p><span style=\"white-space-collapse: preserve;\">Como vi\u00f1a responsable, trabajamos no solo para ofrecer productos de calidad, sino tambi\u00e9n para tener un impacto positivo en la comunidad. Apoyamos proyectos y actividades que favorezcan el bienestar de las personas que trabajan con nosotros y del entorno local. La responsabilidad social es un valor clave en nuestra forma de operar y nos enorgullece contribuir al desarrollo de nuestra regi\u00f3n.<\/span><\/p>\t\t\t\t\t\t\t\t<\/div>\n\t\t\t\t<\/div>\n\t\t\t\t<\/div>\n\t\t<div class=\"elementor-element elementor-element-2550926 e-con-full e-flex e-con e-child\" data-id=\"2550926\" data-element_type=\"container\">\n\t\t\t\t<div class=\"elementor-element elementor-element-0d8bf48 elementor-widget elementor-widget-image\" data-id=\"0d8bf48\" data-element_type=\"widget\" data-widget_type=\"image.default\">\n\t\t\t\t<div class=\"elementor-widget-container\">\n\t\t\t\t\t\t\t\t\t\t\t\t\t\t\t<img loading=\"lazy\" decoding=\"async\" width=\"800\" height=\"534\" src=\"https:\/\/pbutronwinery.cl\/butronqa\/wp-content\/uploads\/2025\/05\/VINA.BUTRON2025.0051-1024x683.jpg\" class=\"attachment-large size-large wp-image-114\" alt=\"\" srcset=\"https:\/\/pbutronwinery.cl\/butronqa\/wp-content\/uploads\/2025\/05\/VINA.BUTRON2025.0051-1024x683.jpg 1024w, https:\/\/pbutronwinery.cl\/butronqa\/wp-content\/uploads\/2025\/05\/VINA.BUTRON2025.0051-scaled-600x400.jpg 600w, https:\/\/pbutronwinery.cl\/butronqa\/wp-content\/uploads\/2025\/05\/VINA.BUTRON2025.0051-300x200.jpg 300w, https:\/\/pbutronwinery.cl\/butronqa\/wp-content\/uploads\/2025\/05\/VINA.BUTRON2025.0051-768x512.jpg 768w, https:\/\/pbutronwinery.cl\/butronqa\/wp-content\/uploads\/2025\/05\/VINA.BUTRON2025.0051-1536x1024.jpg 1536w, https:\/\/pbutronwinery.cl\/butronqa\/wp-content\/uploads\/2025\/05\/VINA.BUTRON2025.0051-2048x1365.jpg 2048w\" sizes=\"(max-width: 800px) 100vw, 800px\" \/>\t\t\t\t\t\t\t\t\t\t\t\t\t\t\t<\/div>\n\t\t\t\t<\/div>\n\t\t\t\t<\/div>\n\t\t\t\t\t<\/div>\n\t\t\t\t<\/div>\n\t\t\t\t<\/div>\n\t\t","protected":false},"excerpt":{"rendered":"<p>Inicio Nuestros pilares En Vi\u00f1edos Patricio Butr\u00f3n, nuestros pilares dan sentido a cada decisi\u00f3n y acci\u00f3n.\u2028Calidad, sustentabilidad, compromiso familiar, innovaci\u00f3n y responsabilidad social\u2028nos gu\u00edan en la creaci\u00f3n de vinos con prop\u00f3sito, respeto y visi\u00f3n de futuro. Calidad y Excelencia\u00a0 La calidad es el eje central de todo lo que hacemos. Desde el cuidado del vi\u00f1edo [&hellip;]<\/p>\n","protected":false},"author":1,"featured_media":0,"parent":0,"menu_order":0,"comment_status":"closed","ping_status":"closed","template":"","meta":{"footnotes":""},"class_list":["post-230","page","type-page","status-publish","hentry"],"_links":{"self":[{"href":"https:\/\/pbutronwinery.cl\/index.php\/wp-json\/wp\/v2\/pages\/230","targetHints":{"allow":["GET"]}}],"collection":[{"href":"https:\/\/pbutronwinery.cl\/index.php\/wp-json\/wp\/v2\/pages"}],"about":[{"href":"https:\/\/pbutronwinery.cl\/index.php\/wp-json\/wp\/v2\/types\/page"}],"author":[{"embeddable":true,"href":"https:\/\/pbutronwinery.cl\/index.php\/wp-json\/wp\/v2\/users\/1"}],"replies":[{"embeddable":true,"href":"https:\/\/pbutronwinery.cl\/index.php\/wp-json\/wp\/v2\/comments?post=230"}],"version-history":[{"count":4,"href":"https:\/\/pbutronwinery.cl\/index.php\/wp-json\/wp\/v2\/pages\/230\/revisions"}],"predecessor-version":[{"id":3321,"href":"https:\/\/pbutronwinery.cl\/index.php\/wp-json\/wp\/v2\/pages\/230\/revisions\/3321"}],"wp:attachment":[{"href":"https:\/\/pbutronwinery.cl\/index.php\/wp-json\/wp\/v2\/media?parent=230"}],"curies":[{"name":"wp","href":"https:\/\/api.w.org\/{rel}","templated":true}]}}